 31
Let l(b) = -12*b**3 + b**2 - 14*b + 3. Let y be l(-6). Suppose m - 4*m + y = 6*u, -3*m = 4*u - 2725. What are the prime factors of m?
3, 5, 61
Let v(l) = 2*l + 8. Let q be v(-7). Let k be (-14 - q)/((-2)/12). Suppose 2*r - 22 = k. What are the prime factors of r?
5, 7
Suppose -243*c + 44 = -242*c. Suppose -3695 = 39*z - c*z. List the prime factors of z.
739
Suppose 0 = w + 5*b + 50, 2*w + 108 = -w - b. What are the prime factors of -11*(w + 6/(-2)*1)?
2, 11, 19
Let k(a) = 21*a + 8. Let f be k(17). Let v(x) = 94*x - 4. Let q be v(6). Let z = q - f. What are the prime factors of z?
3, 5, 13
Let g be (200/(-60))/(-2 + 8/3). Let k(y) = 6*y**2 + 2*y + 26. List the prime factors of k(g).
2, 83
Let l(i) = -9*i + 14. Let g be l(1). List the prime factors of (1/(-2))/(3524/(-704) + g).
2, 11
Let k(b) = -b**2 + 4*b + 1. Let i be k(3). Suppose -178 = -5*t - 4*f, -4*t - t + 162 = -i*f. Let c = t + 8. What are the prime factors of c?
2, 3, 7
Let v(d) = 19*d - 8. Let l(i) = 1. Let k(m) = 6*l(m) - v(m). Let h be k(-19). Let u = h + -236. List the prime factors of u.
139
Let l = 299 - -143. Suppose l*v - 440*v - 20 = 0. What are the prime factors of v?
2, 5
Suppose -4*z = -o - 4*o - 18, -6 = 3*o. Let s be (2 + -2 - -2)/z + 3. Suppose -s*l = -l - 72. What are the prime factors of l?
2, 3
Let j(u) = 22*u**2 + 9*u - 103. What are the prime factors of j(-28)?
3, 1877
Let o(n) = 42*n**3 - 2*n**2 - 3*n - 1. Let x be o(-1). List the prime factors of ((-84)/98)/(1/x).
2, 3
Suppose 0 = -14*m + 11880 + 83894. What are the prime factors of m?
6841
Let j(z) = 237*z - 26. Let p be j(2). Let g = 13 + p. What are the prime factors of g?
461
Suppose -5*t + 15 = -3*h, 0 = -h - t - 3*t + 12. Suppose -s + 4*s - 324 = h. Suppose -m + 99 = c, -m - 2*c = 2*c - s. What are the prime factors of m?
2, 3
List the prime factors of ((-36)/42)/((-116988)/58492 + 2).
2, 3, 2089
Suppose 2*u - 3*o = -449 + 11607, -5*u = -3*o - 27886. What are the prime factors of u?
2, 17, 41
Let y = 663 - -8896. What are the prime factors of y?
11, 79
Let p = 90850 - 51175. What are the prime factors of p?
3, 5, 23
Let x = 18 - 13. Suppose -x*t - 4*c = -t + 12, 2*t = c + 9. What are the prime factors of t?
2
Suppose r + 373 = 365. Let x(c) = -160*c - 3. What are the prime factors of x(r)?
1277
Let z(b) = -10*b**3 + 13 - b - 2*b**2 + 7*b**3 + 2*b**3. What are the prime factors of z(-4)?
7
Let v(p) = -p**3 - 9*p**2 - 7*p + 7. Let c be v(-9). Let i = -40 + c. Suppose -i*n = -25*n - 155. What are the prime factors of n?
31
Let f(d) = 38*d**2 - 56*d + 412. List the prime factors of f(-24).
2, 23, 257
Let x = -28167 - -48527. List the prime factors of x.
2, 5, 509
Suppose -6*i = -2*i - 28. Suppose 18 = i*v - 4*v. Suppose -v*y + 315 = -141. What are the prime factors of y?
2, 19
Let k(w) = 2*w + 28. Let f be k(-17). Let a(g) = -80*g - 110. List the prime factors of a(f).
2, 5, 37
Let a(x) be the third derivative of -x**5/60 - 17*x**4/24 - x**3/3 + 2*x**2. Let r be a(-13). Let f = 120 - r. List the prime factors of f.
2, 5, 7
Let k = -69 + 75. Let p = -2 - k. Let a(i) = i**3 + 12*i**2 + 4*i - 6. What are the prime factors of a(p)?
2, 109
Suppose -4*d = -4*a + 64, -6*a + 2*a = -2*d - 58. Let u = -17 + a. What are the prime factors of ((-134)/u)/(11/44)?
2, 67
Suppose -4*b - 14 = -i, 3 = 2*i - 3*b - 5. Let z = i - -4. List the prime factors of 28/z*12/7 - -3.
3
Let w(o) = 2*o**2 + 2*o + 125. Let k = -297 - -283. List the prime factors of w(k).
3, 163
Let m(p) = -1028*p**3 + p**2 - 266*p - 808. What are the prime factors of m(-3)?
5, 7, 13, 61
Let t = -31130 - -44728. What are the prime factors of t?
2, 13, 523
Let m be ((-6)/(-14))/((-7)/(-49)). Suppose -f + 30 = 5*c, 2*c + m*f - 20 = 5. Suppose c*w - 2*t = 3*t + 325, 0 = -3*t. What are the prime factors of w?
5, 13
Let h(c) = 8*c + 32. Let l be h(12). Suppose -l = -17*d + 399. What are the prime factors of d?
31
Let w = 37934 - 20211. What are the prime factors of w?
37, 479
Let x(w) = 2424*w + 27. Let r be x(3). Suppose q - 1831 = -2*p, 5*p - r + 2709 = -5*q. List the prime factors of p.
11, 83
Suppose -28*j + 47435 = -62129. What are the prime factors of j?
7, 13, 43
Let m(x) = -219*x**3 - 12*x - 29. List the prime factors of m(-3).
2, 5, 37
Suppose 330687 = 46*d - 338935 - 420900. What are the prime factors of d?
151, 157
Suppose -2*c + 58 = 4*z, 6*c = 5*z + c - 95. Suppose z = 4*v + 4*s, -s = -2*v + 14 - 3. Suppose 5*l = 5, v*q = 5*l + 56 - 6. List the prime factors of q.
11
Suppose -5*j = 3*t - 1251, -3*j + 4*t + 177 = -562. Suppose -585 = -2*c + j. List the prime factors of c.
3, 139
What are the prime factors of (-1 + 7/(182/(-332293)))*4/(-6)?
8521
Let o be 111 - (-3 + 0 + 10). Let z = o + 74. List the prime factors of z.
2, 89
What are the prime factors of (-34)/((175/(-2625))/(202*3/10))?
2, 3, 17, 101
Suppose -33*y + 29*y = -88. Suppose -u + 0 = 4*v - y, 14 = -3*u + 4*v. Suppose u*l - 264 = 2*x, 2*x = -2*l + l + 117. List the prime factors of l.
127
Let y(p) = -p**2 + 3*p. Let c be y(4). Let x(a) = 26*a**2 + 2*a + 9. What are the prime factors of x(c)?
3, 139
Let w = -259 + 521. Let o = 398 - w. List the prime factors of o.
2, 17
Suppose b - r + 9 = 0, 0*r = -5*b + 2*r - 42. Let s be b/(-3 - 1)*3. Suppose 4*k - 266 = -o - 64, s = 3*k. List the prime factors of o.
2, 97
Let o(r) be the third derivative of r**6/20 + r**5/12 - 3*r**4/8 + 3*r**3 - 62*r**2. What are the prime factors of o(3)?
2, 3, 11
Let j be 24*5/30*10. Suppose 0 = -5*u - 2*l + j, -u + 5*l + 8 = 3*l. What are the prime factors of u?
2
Suppose -10443 - 11677 = -8*r. List the prime factors of r.
5, 7, 79
Suppose 58 = 3*d - 944. Let b = d + -204. Let j = b - 88. List the prime factors of j.
2, 3, 7
Suppose 0 = 4*r - 4, 0 = -2*z - 2*r + 17136. List the prime factors of z.
13, 659
Let y(r) = -71*r - 23. Let n be y(-3). List the prime factors of (-2)/2*(-7 - (n - 2)).
3, 5, 13
Let q be (-12)/7*7/(-2). Let p(c) = 2*c - 7. Let m be p(q). Suppose 3*b - m*n = 58, -4*b + b + 70 = -2*n. List the prime factors of b.
2, 13
Suppose 4*m + 12340 = 4*j, 2*j - 39*m + 43*m - 6140 = 0. List the prime factors of j.
2, 5, 7, 11
Let o(j) = 58*j + 5393. What are the prime factors of o(56)?
8641
Let x(h) = -131*h - 1949. What are the prime factors of x(-39)?
2, 5, 79
Suppose -a = -7*a - 3834. Let d = -324 - a. Let j = d - 46. List the prime factors of j.
269
Let s(b) = 4*b**3 - 17*b**2 + 9*b + 22. Let w(x) = 3*x**3 - 16*x**2 + 8*x + 23. Let r(o) = -2*s(o) + 3*w(o). What are the prime factors of r(14)?
109
Suppose 13*x - 10*x - 243 = 0. Let p(r) = -18*r - 2. Let b be p(-2). Let z = x + b. What are the prime factors of z?
5, 23
Let p(g) = -301*g - 37. Let u(v) = -150*v - 19. Let f(m) = 3*p(m) - 5*u(m). List the prime factors of f(-5).
7, 107
What are the prime factors of (-1434080)/(-100) + (5/25 - 0)?
14341
Let y = 139 + -232. Let j = y - -177. Let h = j - 36. List the prime factors of h.
2, 3
Suppose 0 = -b - 3*s + 19, 15 = -19*b + 24*b - s. Suppose -2*i + b*t + 104 = 0, -271 - 45 = -5*i - 4*t. What are the prime factors of i?
2, 3, 5
Suppose -58 = -3*k + 251. Let c = 989 - k. List the prime factors of c.
2, 443
Suppose 13*j + 1367 = 5345. What are the prime factors of j?
2, 3, 17
List the prime factors of 14/(-133) + 27830250/361 + -9.
19, 4057
Let f(k) = -2*k**2 + k - 32. Let o be f(-18). Let t = o + 1176. What are the prime factors of t?
2, 239
Suppose -3*o = -5*o + 40. Let c be (-12)/120 - (-42)/o. List the prime factors of (-765)/(-10) + c/4.
7, 11
Suppose -c - 151 = 209. Let p = -277 - c. List the prime factors of p.
83
Suppose 13*z + 54 = 4*z. Let j be (-3 + (-51)/z)*2. Let m = j + 0. What are the prime factors of m?
11
Suppose 3*r - 2*m - 523 = 4*r, -4*r - 2116 = 2*m. Let s = -17 - r. List the prime factors of s.
2, 257
Let c = 1856 - 971. Let a = -468 + c. Suppose 0 = 2*q + 3*q + f - 673, -3*q - 5*f + a = 0. List the prime factors of q.
2, 67
Suppose 116 + 14 = -10*v. Let u = v + 11. List the prime factors of ((-30)/45)/(u/267).
89
Let p(y) = -4774*y + 980. What are the prime factors of p(-6)?
2, 7, 23
Let a(i) = 94*i - 80. Let t(k) = -187*k + 163. Let f(x) = 5*a(x) + 2*t(x). What are the prime factors of f(14)?
2, 5, 127
Let a = 2082 + 9390. What are the prime factors of a?
2, 3, 239
Let r = 73 + 